 - 1). Let y be 54/(-1)*(-4)/6. Suppose -r*g + 91 = -4*s, g - y = -g + 2*s. What is the tens digit of g?
1
Let g(a) = 3*a**2 + 7*a. Suppose 6*i - i - 5*s = -45, 4*i + 18 = -2*s. What is the tens digit of g(i)?
6
Let s = -48 - -32. Let y = -31 - s. Let w = y - -21. What is the units digit of w?
6
Suppose -5*k + 10 = 20, 5*l - 5115 = 5*k. What is the units digit of l?
1
Let y(d) = -3*d - 7. Let w be ((-32)/28)/((-4)/14). Let l(a) = -7*a - 13. Let s(x) = w*l(x) - 9*y(x). What is the tens digit of s(-9)?
2
Let o(k) = 3*k - 6*k + 0*k + 2*k**2 + k**3 + 2 + 3*k**2. What is the tens digit of o(3)?
6
Let y(c) = -52*c + 25. Let s be y(-10). Suppose 5*k + 10 = s. What is the units digit of k?
7
Let l be (8/12)/((-188)/93 - -2). Let w = 242 + l. What is the hundreds digit of w?
2
Let d = -7 - -14. Suppose 6*a - d*a + 14 = 0. What is the tens digit of a?
1
What is the hundreds digit of 4 + (-81)/(-216) + (-3677)/(-8)?
4
Suppose -1878 + 7888 = 10*f. What is the tens digit of f?
0
Let q(r) = 7*r - 24. Let a be q(-6). What is the tens digit of (-126)/(-12)*a/(-9)?
7
Suppose -5*b - 9 = -119. What is the units digit of (-1)/(-2) + b*(-3)/(-12)?
6
Suppose -2*b + 4*v - 252 = 0, 2*b - 138 = 3*b - 5*v. Let r = 328 + b. What is the hundreds digit of r?
2
Let i(h) be the second derivative of -h**4/12 + 17*h**3/6 + 15*h**2/2 - 7*h + 1. Let o = -10 - -27. What is the tens digit of i(o)?
1
What is the tens digit of 71/((-9)/(-27) + (-24)/99)?
8
Suppose 0 = 4*d - 9*d - 10, -10359 = -5*r - 3*d. What is the thousands digit of r?
2
Let k(u) = -u**3 + 2*u**2 - u + 3. Let v be k(0). Suppose -v*h + 100 = 1. What is the units digit of h?
3
Suppose 41 = q + 2*q + 2*l, -2*q - l = -29. Let d = 26 - q. What is the units digit of -12*d/24*-6?
7
Suppose 0*n + 12 = 4*n. Let t(u) = 9 + u**n - 5 - 7*u**2 - 1 + 3*u**2. What is the units digit of t(5)?
8
What is the thousands digit of ((-9885)/(-20))/(45/300)?
3
Suppose -6*m + 172 = -530. What is the hundreds digit of m?
1
Suppose 0 = -5*n + 3*h + 14392, -4*n + 5*h + 5753 = -2*n. What is the units digit of n?
9
Let u(h) = h + 1. Let z(d) = -16*d + 4. Let o(i) = u(i) - z(i). Let a be 18/15 - 1/5. What is the tens digit of o(a)?
1
Suppose 23*k + 1944 = 26*k - 4*h, 635 = k + 3*h. What is the hundreds digit of k?
6
Let g = -40 + 44. Suppose 5*s - 5*q = -0*s + 360, -s = -g*q - 84. What is the tens digit of s?
6
Let f(m) be the third derivative of -m**6/120 - 3*m**5/20 - m**4/12 - 13*m**3/6 + 18*m**2. What is the tens digit of f(-10)?
0
Let m(t) = 8*t + 8*t**2 - t + t. Let a be m(-5). Suppose 0*w = 4*w + 2*v - a, 3*w - 120 = 5*v. What is the units digit of w?
0
Let k = 54 + -47. Suppose k*y - 400 = 2*y. What is the tens digit of y?
8
Let f = -20 - -5. Let s be 2/14 + 1504/56. Let r = f + s. What is the units digit of r?
2
Let o(w) = w**3 - 9*w**2 - 4*w - 9. Let u be o(9). Suppose 4*k = -16 + 4, 5*j + 4*k = -357. Let m = u - j. What is the units digit of m?
4
Suppose 0 = 3*z - 2 + 5, -3*z = 2*d + 325. Let m = d - -241. What is the units digit of m?
0
Suppose 3268 = 4*q - c + 440, -3*q + 2121 = 2*c. Suppose 4*l = -3*b + q, 0 = 4*l + l - 10. What is the units digit of b?
3
Suppose -2*u - 10 = -7*u. Suppose -8 = 2*f + u. What is the units digit of 16/f*(-20)/8?
8
Suppose w = 5*g - 3254 + 924, 2*g + w - 925 = 0. What is the units digit of g?
5
Let b be 1*(4 - 1)*-1. Let y = 12 + b. What is the units digit of y?
9
Let v(y) = -16*y - 22. Let r be v(-2). Suppose -3*f + 461 = -r. What is the units digit of f?
7
Suppose -3*o - 5*l + 2308 = 0, 4*o - 1254 = -5*l + 1830. What is the hundreds digit of o?
7
Suppose -105*l + 471156 = 111006. What is the thousands digit of l?
3
Suppose 4*h - 3*m - 1271 = 0, 4*h + 3*m = 568 + 673. Suppose 6*t - h = 130. Let v = t + -34. What is the units digit of v?
0
Let c(q) = 2*q + 11. Let r be c(-5). Suppose 0*i + 10 = 2*i + 2*p, -5*p = 2*i - 16. Suppose -r = i*o - 10. What is the units digit of o?
3
Suppose 4*k + g = 2*g + 2875, 4*g - 20 = 0. What is the hundreds digit of k?
7
Let d(a) = -a**3 + 7*a**2 - 10*a + 8. Let k be d(6). Let f(m) = -m**2 + 6*m + 4. Let u be f(-4). Let q = k - u. What is the units digit of q?
0
Let c(b) = b**3 - 14*b**2 + 14*b - 11. Let g be 1/((-12)/52)*-3. Let w be c(g). What is the units digit of ((-20)/2)/((-1)/w)?
0
Let y(c) = 1712*c**2 + 47*c - 46. What is the hundreds digit of y(1)?
7
Suppose 5*u + 5*i = 5595, 2*u - u + 4*i = 1110. What is the tens digit of u?
2
Let v be 0*(1 - (1 + -1)). Suppose -l + 5*l - 2*d - 644 = 0, -2*l + 3*d + 326 = v. Suppose 0 = 4*g + u - l, -3*g + 0*g = 4*u - 120. What is the tens digit of g?
4
Let m(t) = t**3 - 21*t**2 + 46*t + 67. What is the hundreds digit of m(20)?
5
Let m be (70/(-56))/(14/8 - 2). Suppose -m*q = 4*l - 48, -2*q - 16 = -4*l + q. What is the units digit of l?
7
Suppose -4*v - 3623 + 12983 = 0. What is the hundreds digit of v?
3
Let a = -38 - -23. Let i = -17 - a. What is the units digit of 2/(4 + 4/i)?
1
Suppose o - r = 456, 4*o - 49 = -2*r + 1775. What is the tens digit of o?
5
Suppose 3*d + 0*g = -5*g + 2474, 4*d = -4*g + 3288. What is the tens digit of d?
1
Suppose k - 944 = 943. What is the tens digit of k?
8
What is the hundreds digit of 61395/33 + 60/110?
8
Let l(y) = 4*y**3 - 5*y**2 - 3*y + 6. Let n be l(3). Suppose 2*m = n + 132. What is the tens digit of m?
9
Let g = -100 - -96. Let a(z) = -2*z**3 - z**2 + 5*z - 2*z**3 + 3*z**3 + 7. What is the tens digit of a(g)?
3
Let l = 1442 - 481. What is the hundreds digit of l?
9
Let w(k) = -k**3 + 9*k**2 - 3*k + 10. Let g be w(10). Let r = 170 + g. What is the units digit of r?
0
Let d be (-488)/(-5) + (-4)/(-10). Let s = d - 58. What is the tens digit of s?
4
Let u(d) = 70*d**2 - 19*d + 12. What is the tens digit of u(3)?
8
Suppose 0 = 4*v - 2*v - 4. Suppose v*w = -w - 12. What is the units digit of (116/(-8))/(w/8)?
9
Suppose 6*r = 5*r + 2. Let p be ((-21)/(-14))/(r/12). Suppose p*z - 140 = 2*z. What is the tens digit of z?
2
Let b = 243 - 131. Let a = b - 37. What is the tens digit of a?
7
Suppose 0*n = 3*n - 3. Let o(i) = i**2 + 2*i + i - 1 - i + 0*i. What is the units digit of o(n)?
2
Let n(z) = -z**3 + 14*z**2 + 3*z - 18. Let p be n(14). Let j = -19 + p. What is the units digit of j?
5
Let g be (64/48)/((-2)/(-3)). Suppose l + 0*l - n = 40, -l + g*n = -38. What is the tens digit of l?
4
Let q(z) = z**3 - 6*z**2 + 3*z - 6. Suppose 5 = 4*m - 19. What is the units digit of q(m)?
2
Suppose -202*p + 215*p = 3172. What is the tens digit of p?
4
What is the thousands digit of (213/6)/(11990/(-1000) + 12)?
3
Let j be (-1)/(2/(-3 - 5)). Suppose 0 = -a - j*a + 45. Let m = 0 + a. What is the units digit of m?
9
Let n = 498 - 258. Suppose 3*z - n = 4*w, -z + 0*z + 91 = -5*w. What is the units digit of z?
6
Let m(s) = 253*s**3 + 6*s**2 - 4*s - 7. What is the units digit of m(2)?
3
Let a = 3 + 3. Suppose 10 + 8 = a*c. Suppose 4*q - 2*j = 78, -q - c*j = q - 27. What is the units digit of q?
8
Let g(y) = 15*y**2 + 31*y + 241. What is the tens digit of g(-12)?
2
Suppose 3792 = -11*k + 19*k. What is the units digit of k?
4
Suppose 0 = -4*s + 5*f + 17, -5*s + 2*f = -2*f - 10. What is the tens digit of (-6704)/(-32) + s/4?
0
Suppose -3*a + 3*d = 2*a - 44, -3*d = 3*a - 12. Let g be a/(4/(8/2)). Suppose -4*o = -1 - g. What is the units digit of o?
2
Suppose 0*r - 180 = -2*r + 5*n, 0 = n - 4. Suppose a = 6*a + r. Let l = -8 - a. What is the units digit of l?
2
Let t = 26 + -21. Suppose -3*d = -t*r + 141 + 176, 2*d = -2*r + 130. What is the units digit of r?
4
Let p(m) = -13*m + 1. Let u be p(-2). Let y = -23 + u. Suppose y*v - 6 = v, 3*t - 4*v = 190. What is the units digit of t?
6
Let b(x) = -x**2 - 10*x + 4. Let k be b(-10). What is the tens digit of 103 + ((-1)/k - (-33)/(-44))?
0
Let q(u) = 4*u + 9. Let k be (3 + -7)/(1/2). Let a be q(k). Let z = 41 + a. What is the tens digit of z?
1
Let l = -26 + -5. What is the units digit of 4/(-5)*(l - -1)?
4
Let t be 22/8 + 9/(-12). Suppose n = -n - 4*d + 120, -t*n + 2*d = -150. What is the units digit of n?
0
Suppose 7*j = 4*j + 1293. What is the tens digit of j?
3
Suppose -3 = -x + 4*a - 25, -a = 0. Let t be 1897/42 + 40/48. Let q = t + x. What is the units digit of q?
4
Suppose 0 = 5*o + 3*g - 2871, 9*o + 4*g = 7*o + 1154. What is the tens digit of o?
7
Suppose -